{"id":10,"date":"2015-06-11T16:28:31","date_gmt":"2015-06-11T16:28:31","guid":{"rendered":"http:\/\/josecotrim.com.br\/?page_id=10"},"modified":"2016-10-28T17:08:43","modified_gmt":"2016-10-28T17:08:43","slug":"meus-servicoss","status":"publish","type":"page","link":"https:\/\/www.josecotrim.com.br\/?page_id=10","title":{"rendered":"Meus Servi\u00e7os"},"content":{"rendered":"<p>[vc_row][vc_column width=&#8221;1\/4&#8243;][vc_column_text]<\/p>\n<ul>\n<li><strong>Projetos de Instala\u00e7\u00f5es<br \/>\nEl\u00e9tricas e Telefonia;<\/strong><\/li>\n<\/ul>\n<p>[\/vc_column_text][\/vc_column][vc_column width=&#8221;1\/4&#8243;][vc_column_text]<\/p>\n<ul>\n<li><b>Aprova\u00e7\u00e3o de Projetos nas Concession\u00e1rias de Energia El\u00e9trica e Telefonia;<\/b><\/li>\n<\/ul>\n<p>&nbsp;<\/p>\n<p>[\/vc_column_text][\/vc_column][vc_column width=&#8221;1\/4&#8243;][vc_column_text]<\/p>\n<ul>\n<li><b>Execu\u00e7\u00e3o de Laudos e Medi\u00e7\u00e3o de Resist\u00eancia de Aterramento em P\u00e1ra-Raios \u00a0e Malha Terra;<\/b><\/li>\n<\/ul>\n<p>&nbsp;<\/p>\n<p>[\/vc_column_text][\/vc_column][vc_column width=&#8221;1\/4&#8243;][vc_column_text]<\/p>\n<ul>\n<li><b>Laudos de Inspe\u00e7\u00e3o nas Instala\u00e7\u00f5es El\u00e9tricas para fins de\u00a0 Bombeiro.<\/b><\/li>\n<\/ul>\n<p>&nbsp;<\/p>\n<p>[\/vc_column_text][\/vc_column][\/vc_row][vc_row][vc_column][vc_column_text css=&#8221;.vc_custom_1434068834672{margin: 10px !important;}&#8221;]<\/p>\n<p style=\"text-align: center;\">\n\t\t<!-- MasterSlider -->\n\t\t<div id=\"P_MS69d77bb2ce0f3\" class=\"master-slider-parent ms-parent-id-1\" style=\"max-width:1400px;\"  >\n\t\t\t\t\n\t\t\t\n\t\t\t<!-- MasterSlider Main -->\n\t\t\t<div id=\"MS69d77bb2ce0f3\" class=\"master-slider ms-skin-default\" >\n\t\t\t\t \t\t\t\t \n\t\t\t\t<div  class=\"ms-slide\" data-delay=\"5\" data-fill-mode=\"fill\"  >\n\t\t\t\t\t<img decoding=\"async\" src=\"https:\/\/www.josecotrim.com.br\/wp-content\/plugins\/masterslider\/public\/assets\/css\/blank.gif\" alt=\"\" title=\"\" data-src=\"https:\/\/www.josecotrim.com.br\/wp-content\/uploads\/2015\/06\/bg03.jpg\" \/>\n\n\t\t\t\t\t<img decoding=\"async\"  class=\"ms-layer\" src=\"https:\/\/www.josecotrim.com.br\/wp-content\/plugins\/masterslider\/public\/assets\/css\/blank.gif\" data-src=\"https:\/\/www.josecotrim.com.br\/wp-content\/uploads\/2015\/04\/pink_transparent_overlay.png\" alt=\"\" style=\"\" data-effect=\"t(true,-500,n,n,n,n,n,n,n,n,n,n,n,n,n)\" data-duration=\"1987\" data-delay=\"1000\" data-ease=\"easeOutQuint\"        data-type=\"image\"         data-offset-x=\"-150\" data-offset-y=\"0\" data-origin=\"tl\" data-position=\"normal\" \/>\n\n\t\t\t\t\t<div  class=\"ms-layer  msp-cn-9-7\" style=\"\"     data-ease=\"easeOutQuint\"                data-offset-x=\"130\" data-offset-y=\"103\" data-origin=\"tl\" data-position=\"normal\" >\nPROJETOS<\/div>\n\n\t\t\t\t\t<a  href=\"#\" target=\"_self\" class=\"ms-layer ms-btn ms-btn-box ms-btn-s msp-preset-btn-164\"    data-ease=\"easeOutQuint\"        data-type=\"button\"        data-offset-x=\"130\" data-offset-y=\"172\" data-origin=\"tl\" data-position=\"normal\"  >\nLEARN MORE \u2192<\/a>\n\n\t\t\t\t\t<div  class=\"ms-layer  msp-cn-9-20\" style=\"\"     data-ease=\"easeOutQuint\"                data-offset-x=\"130\" data-offset-y=\"130\" data-origin=\"tl\" data-position=\"normal\" >\n<p><strong>PROJETOS DE INSTALA\u00c7\u00d5ES\u00a0<\/strong><br \/><strong>EL\u00c9TRICAS E TELEFONIA<\/strong><\/p><\/div>\n\n\t\t\t\t\t<img decoding=\"async\"  class=\"ms-layer\" src=\"https:\/\/www.josecotrim.com.br\/wp-content\/plugins\/masterslider\/public\/assets\/css\/blank.gif\" data-src=\"https:\/\/www.josecotrim.com.br\/wp-content\/uploads\/2015\/04\/left_angle.png\" alt=\"\" style=\"\" data-effect=\"t(true,-150,n,n,n,n,n,n,n,n,n,n,n,n,n)\"   data-ease=\"easeOutQuint\"        data-type=\"image\"         data-offset-x=\"0\" data-offset-y=\"111\" data-origin=\"tl\" data-position=\"normal\" \/>\n\n\t\t\t\t\t<img decoding=\"async\"  class=\"ms-layer\" src=\"https:\/\/www.josecotrim.com.br\/wp-content\/plugins\/masterslider\/public\/assets\/css\/blank.gif\" data-src=\"https:\/\/www.josecotrim.com.br\/wp-content\/uploads\/2015\/04\/right_angle.png\" alt=\"\" style=\"\" data-effect=\"t(true,150,n,n,n,n,n,n,n,n,n,n,n,n,n)\"   data-ease=\"easeOutQuint\"        data-type=\"image\"         data-offset-x=\"1314\" data-offset-y=\"37\" data-origin=\"tl\" data-position=\"normal\" \/>\n\n\t\t\t\t\t<img decoding=\"async\"  class=\"ms-layer\" src=\"https:\/\/www.josecotrim.com.br\/wp-content\/plugins\/masterslider\/public\/assets\/css\/blank.gif\" data-src=\"https:\/\/www.josecotrim.com.br\/wp-content\/uploads\/2015\/04\/bottom_angle.png\" alt=\"\" style=\"\" data-effect=\"t(true,n,150,n,n,n,n,n,n,n,n,n,n,n,n)\"   data-ease=\"easeOutQuint\"        data-type=\"image\"         data-offset-x=\"955\" data-offset-y=\"406\" data-origin=\"tl\" data-position=\"normal\" \/>\n\n\n\t\t\t\t<\/div>\n\t\t\t\t<div  class=\"ms-slide\" data-delay=\"3\" data-fill-mode=\"fill\"  >\n\t\t\t\t\t<img decoding=\"async\" src=\"https:\/\/www.josecotrim.com.br\/wp-content\/plugins\/masterslider\/public\/assets\/css\/blank.gif\" alt=\"\" title=\"\" data-src=\"https:\/\/www.josecotrim.com.br\/wp-content\/uploads\/2015\/06\/background-neway.jpg\" \/>\n\n\t\t\t\t\t<img decoding=\"async\"  class=\"ms-layer\" src=\"https:\/\/www.josecotrim.com.br\/wp-content\/plugins\/masterslider\/public\/assets\/css\/blank.gif\" data-src=\"https:\/\/www.josecotrim.com.br\/wp-content\/uploads\/2015\/04\/pearl_transparent_overlay.png\" alt=\"\" style=\"\" data-effect=\"t(true,500,n,n,n,n,n,n,n,n,n,n,n,n,n)\" data-duration=\"1987\" data-delay=\"1000\" data-ease=\"easeOutQuint\"        data-type=\"image\"         data-offset-x=\"690\" data-offset-y=\"0\" data-origin=\"tl\" data-position=\"normal\" \/>\n\n\t\t\t\t\t<div  class=\"ms-layer  msp-cn-9-64\" style=\"\"     data-ease=\"easeOutQuint\"                data-offset-x=\"130\" data-offset-y=\"103\" data-origin=\"tl\" data-position=\"normal\" >\nAPROVA\u00c7\u00c3O DE PROJETOS<\/div>\n\n\t\t\t\t\t<a  href=\"#\" target=\"_self\" class=\"ms-layer ms-btn ms-btn-box ms-btn-s msp-preset-btn-164\"    data-ease=\"easeOutQuint\"        data-type=\"button\"        data-offset-x=\"130\" data-offset-y=\"172\" data-origin=\"tl\" data-position=\"normal\"  >\nLEARN MORE \u2192<\/a>\n\n\t\t\t\t\t<div  class=\"ms-layer  msp-cn-9-67\" style=\"\"     data-ease=\"easeOutQuint\"                data-offset-x=\"130\" data-offset-y=\"130\" data-origin=\"tl\" data-position=\"normal\" >\nAPROVA\u00c7\u00c3O DE PROJETOS NAS\u00a0CONCESSION\u00c1RIAS<br \/>DE ENERGIA EL\u00c9TRICA E TELEFONIA<\/div>\n\n\t\t\t\t\t<img decoding=\"async\"  class=\"ms-layer\" src=\"https:\/\/www.josecotrim.com.br\/wp-content\/plugins\/masterslider\/public\/assets\/css\/blank.gif\" data-src=\"https:\/\/www.josecotrim.com.br\/wp-content\/uploads\/2015\/04\/left_angle.png\" alt=\"\" style=\"\" data-effect=\"t(true,-150,n,n,n,n,n,n,n,n,n,n,n,n,n)\"   data-ease=\"easeOutQuint\"        data-type=\"image\"         data-offset-x=\"0\" data-offset-y=\"111\" data-origin=\"tl\" data-position=\"normal\" \/>\n\n\t\t\t\t\t<img decoding=\"async\"  class=\"ms-layer\" src=\"https:\/\/www.josecotrim.com.br\/wp-content\/plugins\/masterslider\/public\/assets\/css\/blank.gif\" data-src=\"https:\/\/www.josecotrim.com.br\/wp-content\/uploads\/2015\/04\/right_angle.png\" alt=\"\" style=\"\" data-effect=\"t(true,150,n,n,n,n,n,n,n,n,n,n,n,n,n)\"   data-ease=\"easeOutQuint\"        data-type=\"image\"         data-offset-x=\"1314\" data-offset-y=\"37\" data-origin=\"tl\" data-position=\"normal\" \/>\n\n\t\t\t\t\t<img decoding=\"async\"  class=\"ms-layer\" src=\"https:\/\/www.josecotrim.com.br\/wp-content\/plugins\/masterslider\/public\/assets\/css\/blank.gif\" data-src=\"https:\/\/www.josecotrim.com.br\/wp-content\/uploads\/2015\/04\/bottom_angle.png\" alt=\"\" style=\"\" data-effect=\"t(true,n,150,n,n,n,n,n,n,n,n,n,n,n,n)\"   data-ease=\"easeOutQuint\"        data-type=\"image\"         data-offset-x=\"955\" data-offset-y=\"406\" data-origin=\"tl\" data-position=\"normal\" \/>\n\n\n\t\t\t\t<\/div>\n\t\t\t\t<div  class=\"ms-slide\" data-delay=\"3\" data-fill-mode=\"fill\"  >\n\t\t\t\t\t<img decoding=\"async\" src=\"https:\/\/www.josecotrim.com.br\/wp-content\/plugins\/masterslider\/public\/assets\/css\/blank.gif\" alt=\"\" title=\"\" data-src=\"https:\/\/www.josecotrim.com.br\/wp-content\/uploads\/2015\/06\/201412312368574coe-banner.jpg\" \/>\n\n\t\t\t\t\t<img decoding=\"async\"  class=\"ms-layer\" src=\"https:\/\/www.josecotrim.com.br\/wp-content\/plugins\/masterslider\/public\/assets\/css\/blank.gif\" data-src=\"https:\/\/www.josecotrim.com.br\/wp-content\/uploads\/2015\/04\/blue_transparent_overlay.png\" alt=\"\" style=\"\" data-effect=\"t(true,-500,n,n,n,n,n,n,n,n,n,n,n,n,n)\" data-duration=\"1987\" data-delay=\"1000\" data-ease=\"easeOutQuint\"        data-type=\"image\"         data-offset-x=\"-150\" data-offset-y=\"0\" data-origin=\"tl\" data-position=\"normal\" \/>\n\n\t\t\t\t\t<div  class=\"ms-layer  msp-cn-9-71\" style=\"\"     data-ease=\"easeOutQuint\"                data-offset-x=\"130\" data-offset-y=\"103\" data-origin=\"tl\" data-position=\"normal\" >\nLAUDOS<\/div>\n\n\t\t\t\t\t<div  class=\"ms-layer  msp-cn-9-74\" style=\"\"     data-ease=\"easeOutQuint\"                data-offset-x=\"130\" data-offset-y=\"130\" data-origin=\"tl\" data-position=\"normal\" >\nExecu\u00e7\u00e3o de Laudos e Medi\u00e7\u00e3o de<br \/>Resist\u00eancia de Aterramento<br \/>em P\u00e1ra-Raios e Malha Terra<\/div>\n\n\t\t\t\t\t<img decoding=\"async\"  class=\"ms-layer\" src=\"https:\/\/www.josecotrim.com.br\/wp-content\/plugins\/masterslider\/public\/assets\/css\/blank.gif\" data-src=\"https:\/\/www.josecotrim.com.br\/wp-content\/uploads\/2015\/04\/left_angle.png\" alt=\"\" style=\"\" data-effect=\"t(true,-150,n,n,n,n,n,n,n,n,n,n,n,n,n)\"   data-ease=\"easeOutQuint\"        data-type=\"image\"         data-offset-x=\"0\" data-offset-y=\"111\" data-origin=\"tl\" data-position=\"normal\" \/>\n\n\t\t\t\t\t<img decoding=\"async\"  class=\"ms-layer\" src=\"https:\/\/www.josecotrim.com.br\/wp-content\/plugins\/masterslider\/public\/assets\/css\/blank.gif\" data-src=\"https:\/\/www.josecotrim.com.br\/wp-content\/uploads\/2015\/04\/right_angle.png\" alt=\"\" style=\"\" data-effect=\"t(true,150,n,n,n,n,n,n,n,n,n,n,n,n,n)\"   data-ease=\"easeOutQuint\"        data-type=\"image\"         data-offset-x=\"1314\" data-offset-y=\"37\" data-origin=\"tl\" data-position=\"normal\" \/>\n\n\t\t\t\t\t<img decoding=\"async\"  class=\"ms-layer\" src=\"https:\/\/www.josecotrim.com.br\/wp-content\/plugins\/masterslider\/public\/assets\/css\/blank.gif\" data-src=\"https:\/\/www.josecotrim.com.br\/wp-content\/uploads\/2015\/04\/bottom_angle.png\" alt=\"\" style=\"\" data-effect=\"t(true,n,150,n,n,n,n,n,n,n,n,n,n,n,n)\"   data-ease=\"easeOutQuint\"        data-type=\"image\"         data-offset-x=\"955\" data-offset-y=\"406\" data-origin=\"tl\" data-position=\"normal\" \/>\n\n\n\t\t\t\t<\/div>\n\t\t\t\t<div  class=\"ms-slide\" data-delay=\"3\" data-fill-mode=\"fill\"  >\n\t\t\t\t\t<img decoding=\"async\" src=\"https:\/\/www.josecotrim.com.br\/wp-content\/plugins\/masterslider\/public\/assets\/css\/blank.gif\" alt=\"\" title=\"\" data-src=\"https:\/\/www.josecotrim.com.br\/wp-content\/uploads\/2015\/06\/eletricistaencanadordesentupidora-marido-de-aluguel-18036-MLB20148888008_082014-F.jpg\" \/>\n\n\t\t\t\t\t<div  class=\"ms-layer  msp-cn-1-78\" style=\"width:445px;height:111px;\"     data-ease=\"easeOutQuint\"                data-offset-x=\"26\" data-offset-y=\"76\" data-origin=\"tl\" data-position=\"normal\" >\nLaudos de Inspe\u00e7\u00e3o nas Instala\u00e7\u00f5es<br \/>El\u00e9tricas para fins de Bombeiro<\/div>\n\n\t\t\t\t\t<div  class=\"ms-layer  msp-cn-1-79\" style=\"\"     data-ease=\"easeOutQuint\"                data-offset-x=\"29\" data-offset-y=\"27\" data-origin=\"tl\" data-position=\"normal\" >\nINSPE\u00c7\u00c3O<\/div>\n\n\n\t\t\t\t<\/div>\n\n\t\t\t<\/div>\n\t\t\t<!-- END MasterSlider Main -->\n\n\t\t\t \n\t\t<\/div>\n\t\t<!-- END MasterSlider --> \n\t\t\n\t\t<script>\n\t\t(function ( $ ) {\n\t\t\t\"use strict\";\n\n\t\t\t$(function () {\n\t\t\t\tvar masterslider_e0f3 = new MasterSlider();\n\n\t\t\t\t\/\/ slider controls\n\t\t\t\tmasterslider_e0f3.control('arrows'     ,{ autohide:true, overVideo:true , hideUnder:1000 });                    \n\t\t\t\tmasterslider_e0f3.control('bullets'    ,{ autohide:true, overVideo:true, dir:'h', align:'bottom', space:6 , margin:10  });\n\t\t\t\tmasterslider_e0f3.control('circletimer',{ autohide:false, overVideo:true, color:'#ffffff', radius:4, stroke:10  , hideUnder:1000 });\n\t\t\t\t\/\/ slider setup\n\t\t\t\tmasterslider_e0f3.setup(\"MS69d77bb2ce0f3\", {\n\t\t\t\t\t\twidth           : 1400,\n\t\t\t\t\t\theight          : 450,\n\t\t\t\t\t\tspace           : 0,\n\t\t\t\t\t\tstart           : 1,\n\t\t\t\t\t\tgrabCursor      : true,\n\t\t\t\t\t\tswipe           : true,\n\t\t\t\t\t\tmouse           : false,\n\t\t\t\t\t\tkeyboard        : true,\n\t\t\t\t\t\tlayout          : \"boxed\", \n\t\t\t\t\t\twheel           : false,\n\t\t\t\t\t\tautoplay        : true,\n\t\t\t\t\t\tinstantStartLayers:false,\n\t\t\t\t\t\tloop            : true,\n\t\t\t\t\t\tshuffle         : false,\n\t\t\t\t\t\tpreload         : 0,\n\t\t\t\t\t\theightLimit     : true,\n\t\t\t\t\t\tautoHeight      : false,\n\t\t\t\t\t\tsmoothHeight    : true,\n\t\t\t\t\t\tendPause        : false,\n\t\t\t\t\t\toverPause       : true,\n\t\t\t\t\t\tfillMode        : \"fill\", \n\t\t\t\t\t\tcenterControls  : true,\n\t\t\t\t\t\tstartOnAppear   : false,\n\t\t\t\t\t\tlayersMode      : \"center\", \n\t\t\t\t\t\thideLayers      : false, \n\t\t\t\t\t\tfullscreenMargin: 0,\n\t\t\t\t\t\tspeed           : 80, \n\t\t\t\t\t\tdir             : \"h\", \n\t\t\t\t\t\tparallaxMode    : 'swipe',\n\t\t\t\t\t\tview            : \"basic\"\n\t\t\t\t});\n\t\t\t\t\n\n\t\t\t\t\n\t\t\t\t$(\"head\").append( \"<link rel='stylesheet' id='ms-fonts'  href='\/\/fonts.googleapis.com\/css?family=Raleway:500,300,regular' type='text\/css' media='all' \/>\" );\n\n\t\t\t\twindow.masterslider_instances = window.masterslider_instances || [];\n\t\t\t\twindow.masterslider_instances.push( masterslider_e0f3 );\n\t\t\t });\n\t\t\t\n\t\t})(jQuery);\n\t\t<\/script> \n\t\t\n<\/p>\n<p>[\/vc_column_text][\/vc_column][\/vc_row]<\/p>\n","protected":false},"excerpt":{"rendered":"<p>[vc_row][vc_column width=&#8221;1\/4&#8243;][vc_column_text] Projetos de Instala\u00e7\u00f5es El\u00e9tricas e Telefonia; [\/vc_column_text][\/vc_column][vc_column width=&#8221;1\/4&#8243;][vc_column_text] Aprova\u00e7\u00e3o de Projetos nas Concession\u00e1rias de Energia El\u00e9trica e Telefonia; &nbsp; [\/vc_column_text][\/vc_column][vc_column width=&#8221;1\/4&#8243;][vc_column_text] Execu\u00e7\u00e3o de Laudos e Medi\u00e7\u00e3o de Resist\u00eancia [&hellip;]<\/p>\n","protected":false},"author":1,"featured_media":0,"parent":0,"menu_order":0,"comment_status":"open","ping_status":"open","template":"","meta":{"footnotes":""},"class_list":["post-10","page","type-page","status-publish","hentry"],"_links":{"self":[{"href":"https:\/\/www.josecotrim.com.br\/index.php?rest_route=\/wp\/v2\/pages\/10","targetHints":{"allow":["GET"]}}],"collection":[{"href":"https:\/\/www.josecotrim.com.br\/index.php?rest_route=\/wp\/v2\/pages"}],"about":[{"href":"https:\/\/www.josecotrim.com.br\/index.php?rest_route=\/wp\/v2\/types\/page"}],"author":[{"embeddable":true,"href":"https:\/\/www.josecotrim.com.br\/index.php?rest_route=\/wp\/v2\/users\/1"}],"replies":[{"embeddable":true,"href":"https:\/\/www.josecotrim.com.br\/index.php?rest_route=%2Fwp%2Fv2%2Fcomments&post=10"}],"version-history":[{"count":11,"href":"https:\/\/www.josecotrim.com.br\/index.php?rest_route=\/wp\/v2\/pages\/10\/revisions"}],"predecessor-version":[{"id":306,"href":"https:\/\/www.josecotrim.com.br\/index.php?rest_route=\/wp\/v2\/pages\/10\/revisions\/306"}],"wp:attachment":[{"href":"https:\/\/www.josecotrim.com.br\/index.php?rest_route=%2Fwp%2Fv2%2Fmedia&parent=10"}],"curies":[{"name":"wp","href":"https:\/\/api.w.org\/{rel}","templated":true}]}}